alse
Suppose 13*r + 24 = r. Let o be r*3*6/(-18). Is 8/(-12) + ((-3435)/(-9) - o) prime?
True
Let a = 771688 - 30342. Is a composite?
True
Let o = 335 - 4600. Is 7/((-14)/(-8)) - o a composite number?
True
Let z(s) = 885*s**2 - 22*s + 3. Let q be z(3). Suppose -3*n + 6444 = 5*b - 5387, 2*n - 4*b = q. Is n a composite number?
False
Suppose 6*v + 306726 - 814888 = 4*j, j - 423451 = -5*v. Is v composite?
False
Let h(o) = -5*o**3 + 2*o + 1. Let x = -29 - -28. Let v be h(x). Suppose 0 = 4*d + v*d - 2120. Is d a prime number?
False
Suppose 8*w - 48 = 20*w. Let d be (-2 - 0)/(w/12). Suppose -d*z + 9*z = 663. Is z a prime number?
False
Let d(c) = 989*c**2 + 85*c + 113. Is d(-15) prime?
False
Let k be (-27)/(-18) + (-63)/(-6). Is (-8)/k + (-22975)/(-15) a prime number?
True
Let p = 54 + 1411. Is (-13)/(39/(-6)) + (p - 2) composite?
True
Suppose 72*o - 75*o + 327547 = -2578736. Is o a prime number?
True
Let y(t) be the second derivative of 0 - 199/6*t**3 - 15*t - 8*t**2. Is y(-5) a composite number?
True
Suppose 15*s - 79925 = 10*s - 5*l, -l - 47939 = -3*s. Suppose 0 = 4*v, -2*x + 4*v = x - s. Is x a prime number?
False
Let a(t) = -3174*t + 1589*t + 36*t**2 + 1587*t - 1. Is a(-8) a prime number?
True
Suppose -2*z = z - 12954. Suppose -2*v - 2*b + z = -0*v, 2*v = 4*b + 4294. Suppose 2*q + v = 3*n + 3*q, n - 711 = -4*q. Is n a prime number?
True
Suppose 0 = -8*d + 307891 - 75243. Suppose 5*a - d = -8*a. Is a a composite number?
False
Let q(s) = 12667*s**2 - 20*s + 29. Is q(4) prime?
True
Let i = 1974 + 15089. Is i a prime number?
False
Let y be ((-10)/(-2))/(4 + -3). Suppose y*o - 67 + 12 = 0. Is 2/11 + 383/o a composite number?
True
Let d = 4861 + 0. Is d composite?
False
Let x(m) = -5166*m**3 - 15*m**2 - 87*m - 23. Is x(-5) a composite number?
False
Let n(z) = -371*z + 2272. Is n(-11) a composite number?
False
Is 14137 - 24/(-10)*20/8 a composite number?
False
Let z = -103706 - -146563. Is z a composite number?
True
Let a = -9378 + 30692. Suppose -5*i - 4634 = -a. Is 3/(-1) + i/6 a prime number?
False
Let n(c) = 53*c**2 + 28*c - 20. Let g be n(20). Let h = g + 3333. Is h a composite number?
False
Let p(w) = 825*w**3 + 3*w**2 + 239*w - 1178. Is p(5) a prime number?
True
Let y(a) = 5658*a**2 - 14*a - 3. Is y(4) a composite number?
False
Let i be (-14)/(-3) - (4 - (-26)/(-6)). Suppose d + 2*r - 2923 = 0, d = i*r - r + 2917. Is d composite?
True
Let q = 3354 + 1430. Let z = q - -343. Is z a prime number?
False
Suppose 0 = -5*b, -b + 5*b - 39 = -3*p. Suppose 0 = 14*z - p*z + 1648. Let g = z + 3633. Is g prime?
False
Suppose 0 = 4*n + 3 - 7. Let u be n/2*(-16)/(-4). Suppose 0 = -u*r + 717 + 457. Is r a prime number?
True
Is ((-5)/20 + (-32103)/36)*(-404)/16 a composite number?
True
Let y = 2662 - 2501. Let k = -37 + -5. Let d = y - k. Is d a prime number?
False
Let t be (17 + -3)/(-2)*4. Let q(w) = w**3 + 28*w**2 - 16*w - 29. Let y be q(t). Let c = y - -92. Is c prime?
False
Let f(s) = s**2. Let k(i) be the third derivative of i**5/20 - i**4/12 - 173*i**3/2 + 17*i**2. Let h(g) = 4*f(g) - k(g). Is h(0) composite?
True
Suppose -28 = -5*h + q + 67, -3*q + 76 = 4*h. Suppose -h*d + 397 = -1712. Is d prime?
False
Let r(i) = -i**3 + 2*i**2 + 22*i + 5. Let y be r(-4). Suppose 3*u - 35207 = -5*h, h - y*u - 7055 = -17*u. Is h a composite number?
False
Let s(m) = 39*m**2 + 9*m + 169. Is s(33) a composite number?
False
Let k be (-3)/(-9)*21738/(-2). Let s = -1044 - k. Is s composite?
False
Let f be 12/30 - 316/(-10). Let j = 32 - f. Suppose -b = -j*b + 4*k - 261, -3*k - 3 = 0. Is b prime?
False
Suppose -45834 = -2*m - 2*j, 4*m - 69540 - 22128 = -j. Is m composite?
True
Suppose 34*h = 33*h + 31928. Suppose -153*c + 145*c + h = 0. Is c a composite number?
True
Suppose -26*t = -23 - 29. Is (-44955 - 42/6)*(-1)/t a prime number?
True
Suppose -2*g - 2032210 = -2*z - 395858, -3*z - 4*g + 2454493 = 0. Is z a composite number?
False
Let r(u) = -624*u + 15. Let g(l) = -624*l + 15. Let a(j) = 4*g(j) - 3*r(j). Let t be a(-2). Is (1 - t)*(-14)/28 prime?
True
Is 0 + 8 + 1/8*230344 a prime number?
False
Let q = 62947 - -212266. Is q prime?
False
Suppose 32*r + 1067274 = 2*k + 30*r, 5*k + r = 2668209. Is k composite?
False
Let w(k) = -k**3 + 7*k**2 + 9*k - 5. Let i be w(8). Suppose 5*p + 12 = -3, -3*d = -i*p - 7023. Suppose -d = -6*z - 544. Is z prime?
False
Let h be (-5)/(25/10)*-1. Suppose -z + 2*t + 79389 = 4*z, -h*t = 3*z - 47627. Is z prime?
True
Let m(n) = -n**3 + 19*n**2 + 20*n + 1. Let t be m(20). Is 7512/t - (-2 - -7) composite?
False
Suppose 0 = -r - 8 + 26. Let k be 1*7*r/(-18). Is -226*(3/15 + k/10) a prime number?
True
Suppose -3*b + 11*x + 293395 = 7*x, 3*b - x = 293383. Is b prime?
False
Is -2*(-18 - (-146)/8)/(1/(-795442)) a prime number?
True
Let t(f) = f**2 - 11*f + 20. Let d be t(11). Suppose d*b - 1716 = 8*b. Is b a composite number?
True
Suppose 0 = -f + 2*f - 14. Let z be 4/14 - f/49. Is (z + (5 - 4))*331 composite?
False
Let a(c) = 2*c**2 - 12*c - 118. Let x be a(-6). Suppose 0 = -4*z + 2*y + 14, 3*z + 8 = -3*y + 23. Is z/x + 156213/221 composite?
True
Suppose 0 = 22*z + 38330 + 15350. Is (7 + z/(-15))/(2/6) a composite number?
False
Let o(g) = 10318*g**2 - 67*g + 25. Is o(4) prime?
False
Let l(t) = t**3 - 21*t**2 - 2*t + 46. Let x be l(21). Suppose u + x*u + 1426 = b, 4*u = -3*b + 4221. Is b a prime number?
False
Let z(u) be the third derivative of -151*u**4/12 - 7*u**3/6 + 22*u**2. Is z(-27) prime?
True
Let l = 2404 + 175. Let p = l - 1468. Is p a composite number?
True
Let m(q) = 15*q**3 - 2*q + 3. Let h be 1 + 7/((-14)/(-12)). Suppose h*z - 2 - 12 = 0. Is m(z) a prime number?
False
Is 7 + 354/(-48) - (-211915)/8 composite?
False
Let w(k) = -k**2 - 8*k + 15. Let l be w(-7). Let s be 4/24*-4 - l/(-6). Suppose 3*f + b - 161 = s*b, -4*b = f - 77. Is f a composite number?
True
Let c be (-9)/(-36) - 62/(-8). Suppose 512 = c*w - 32328. Is w composite?
True
Is 17669 + 2 + -11 + -3 prime?
True
Let l(g) be the third derivative of -g**3 + 4*g**2 + 0*g + 0 - 13/24*g**4. Is l(-5) prime?
True
Let k(a) = 4*a - 9. Let s be k(4). Suppose s*b + 7720 = 24219. Is b prime?
True
Let n(g) = -22*g**3 - 28*g**2 + 6*g - 473. Is n(-20) a prime number?
False
Let o(m) = -57*m + 103. Let p = 276 - 288. Is o(p) prime?
True
Is ((6 + 3)/(-9))/5 + (-1261212)/(-10) composite?
True
Is (2 - -436 - 7)/(-1)*-367 prime?
False
Let t(h) = 7245*h**2 + 20*h - 101. Is t(6) composite?
True
Let x(s) = 133*s - 17. Let i be x(2). Let c be ((-10)/(-3))/(4/6). Suppose c - i = -2*v. Is v a composite number?
True
Let j be ((-7)/((-7)/(-2)) - -1) + -14968. Let c = -7900 - j. Is c prime?
True
Suppose -106*j = -103*j - 2292. Suppose -4*c - s + 1885 = -1192, c - 5*s - j = 0. Is c a composite number?
False
Suppose m = -5*z + 532962, 9*z + 426357 = 13*z - m. Is z composite?
False
Is (-303111)/6*(-42)/63 a composite number?
False
Suppose 0 = -5*x - 5*b + 50300, -4*x + 3*b = -2*b - 40276. Suppose -1568 = 8*w - x. Suppose 2*s - w - 236 = 0. Is s a composite number?
True
Suppose -145 = 150*s - 179*s. Let j = 10 + -5. Suppose s*w + j*k = 2450, -w - k + 983 = w. Is w a composite number?
True
Let r(q) = 207*q**3 + 28*q**2 + q + 117. Is r(19) a prime number?
False
Suppose -20 = -5*q - 2*d, -q = q - 4*d - 32. Is (-74274)/(-18) - (-4)/q composite?
False
Suppose 4*p = -3*t + 8, -2*t = 13*p - 8*p - 17. Suppose -3*i - 5782 = -q + 1558, 0 = -p*q - 4*i + 36719. Is q a prime number?
False
Suppose -636*j - 212*j + 147*j = -116220893. Is j prime?
False
Suppose 9*z - 55518 = 4*z - 4*b, 0 = -3*b - 9. Let f = -5135 + z. Is f a prime number?
False
Is (5 - 1073958/2)*(-18)/12 prime?
False
Let v(h) = 14*h + 70. Let u be v(-5). Suppose -356 - 11232 = -4*o + 5*p, u = 5*o + p - 14485. Is o composite?
False
Let p = 6062 - 3946. Suppose -3*r = 2*i + 4005, 4*r + 2*i + 0*i = -5342. Let c = r + p. Is c a prime number?
False
Suppose 0 = 4*t - 2*j - 160240, 36063 = t - 2*j - 3988. Is t a composite number?
False
Suppose -25*p + 32*p = 14. Suppose 30 - 14 = p*n. Suppose -n*i + 2204 = -2076. Is i composite?
True
Suppose 0 = -26*y + 32*y - 169236. Suppose -23*t = -5*t - y. Is t composite?
False
Is ((-19)/(-190)*-10)/(2/(-6932)) a composite number?
True
Let n(r) = -826*r + 2. Let i be n(-4). Let z = 16197 - 11544. Let b = z - i. Is b a prime number?
